{"id":4240,"date":"2026-08-14T20:15:04","date_gmt":"2026-08-15T02:15:04","guid":{"rendered":"https:\/\/autoservallarta.com\/seminuevos\/seminuevo\/nissan-march-advance\/"},"modified":"2026-08-14T20:15:11","modified_gmt":"2026-08-15T02:15:11","slug":"nissan-march-advance","status":"publish","type":"seminuevo","link":"https:\/\/autoservallarta.com\/seminuevos\/seminuevo\/nissan-march-advance\/","title":{"rendered":"Nissan March Advance"},"content":{"rendered":"","protected":false},"featured_media":4231,"parent":0,"template":"","meta":{"_acf_changed":false,"site-sidebar-layout":"default","site-content-layout":"","ast-site-content-layout":"default","site-content-style":"default","site-sidebar-style":"default","ast-global-header-display":"","ast-banner-title-visibility":"","ast-main-header-display":"","ast-hfb-above-header-display":"","ast-hfb-below-header-display":"","ast-hfb-mobile-header-display":"","site-post-title":"","ast-breadcrumbs-content":"","ast-featured-img":"","footer-sml-layout":"","ast-disable-related-posts":"","theme-transparent-header-meta":"","adv-header-id-meta":"","stick-header-meta":"","header-above-stick-meta":"","header-main-stick-meta":"","header-below-stick-meta":"","astra-migrate-meta-layouts":"default","ast-page-background-enabled":"default","ast-page-background-meta":{"desktop":{"background-color":"var(--ast-global-color-5)","background-image":"","background-repeat":"repeat","background-position":"center center","background-size":"auto","background-attachment":"scroll","background-type":"","background-media":"","overlay-type":"","overlay-color":"","overlay-opacity":"","overlay-gradient":""},"tablet":{"background-color":"","background-image":"","background-repeat":"repeat","background-position":"center center","background-size":"auto","background-attachment":"scroll","background-type":"","background-media":"","overlay-type":"","overlay-color":"","overlay-opacity":"","overlay-gradient":""},"mobile":{"background-color":"","background-image":"","background-repeat":"repeat","background-position":"center center","background-size":"auto","background-attachment":"scroll","background-type":"","background-media":"","overlay-type":"","overlay-color":"","overlay-opacity":"","overlay-gradient":""}},"ast-content-background-meta":{"desktop":{"background-color":"var(--ast-global-color-4)","background-image":"","background-repeat":"repeat","background-position":"center center","background-size":"auto","background-attachment":"scroll","background-type":"","background-media":"","overlay-type":"","overlay-color":"","overlay-opacity":"","overlay-gradient":""},"tablet":{"background-color":"var(--ast-global-color-4)","background-image":"","background-repeat":"repeat","background-position":"center center","background-size":"auto","background-attachment":"scroll","background-type":"","background-media":"","overlay-type":"","overlay-color":"","overlay-opacity":"","overlay-gradient":""},"mobile":{"background-color":"var(--ast-global-color-4)","background-image":"","background-repeat":"repeat","background-position":"center center","background-size":"auto","background-attachment":"scroll","background-type":"","background-media":"","overlay-type":"","overlay-color":"","overlay-opacity":"","overlay-gradient":""}}},"marca":[],"class_list":["post-4240","seminuevo","type-seminuevo","status-publish","has-post-thumbnail","hentry"],"acf":{"featured_image":"4231","post_title":"Nissan March Advance","marca":[39],"a_o":2023,"color":"Azul","color_interior":"Negro","carroceria":"Hatchback","puertas":"","cilindros":"","Subt\u00edtulo":"","precio":249000,"precio_especial":"","enganche":"","plazo":"","tipo_motor":"Gasolina","transmision":"Autom\u00e1tica","kilometraje":14500,"caracteristicas":[],"Informaci\u00f3n-Financiamiento":"","galeria":[4231,4232,4233,4234,4235,4236,4237,4238,4239],"ficha_tecnica":null,"contenido":"","destacado":false},"_links":{"self":[{"href":"https:\/\/autoservallarta.com\/seminuevos\/wp-json\/wp\/v2\/seminuevo\/4240","targetHints":{"allow":["GET"]}}],"collection":[{"href":"https:\/\/autoservallarta.com\/seminuevos\/wp-json\/wp\/v2\/seminuevo"}],"about":[{"href":"https:\/\/autoservallarta.com\/seminuevos\/wp-json\/wp\/v2\/types\/seminuevo"}],"version-history":[{"count":1,"href":"https:\/\/autoservallarta.com\/seminuevos\/wp-json\/wp\/v2\/seminuevo\/4240\/revisions"}],"predecessor-version":[{"id":4241,"href":"https:\/\/autoservallarta.com\/seminuevos\/wp-json\/wp\/v2\/seminuevo\/4240\/revisions\/4241"}],"acf:attachment":[{"embeddable":true,"href":"https:\/\/autoservallarta.com\/seminuevos\/wp-json\/wp\/v2\/media\/4239"},{"embeddable":true,"href":"https:\/\/autoservallarta.com\/seminuevos\/wp-json\/wp\/v2\/media\/4238"},{"embeddable":true,"href":"https:\/\/autoservallarta.com\/seminuevos\/wp-json\/wp\/v2\/media\/4237"},{"embeddable":true,"href":"https:\/\/autoservallarta.com\/seminuevos\/wp-json\/wp\/v2\/media\/4236"},{"embeddable":true,"href":"https:\/\/autoservallarta.com\/seminuevos\/wp-json\/wp\/v2\/media\/4235"},{"embeddable":true,"href":"https:\/\/autoservallarta.com\/seminuevos\/wp-json\/wp\/v2\/media\/4234"},{"embeddable":true,"href":"https:\/\/autoservallarta.com\/seminuevos\/wp-json\/wp\/v2\/media\/4233"},{"embeddable":true,"href":"https:\/\/autoservallarta.com\/seminuevos\/wp-json\/wp\/v2\/media\/4232"},{"embeddable":true,"href":"https:\/\/autoservallarta.com\/seminuevos\/wp-json\/wp\/v2\/media\/4231"}],"acf:term":[{"embeddable":true,"taxonomy":"marca","href":"https:\/\/autoservallarta.com\/seminuevos\/wp-json\/wp\/v2\/marca\/39"}],"wp:featuredmedia":[{"embeddable":true,"href":"https:\/\/autoservallarta.com\/seminuevos\/wp-json\/wp\/v2\/media\/4231"}],"wp:attachment":[{"href":"https:\/\/autoservallarta.com\/seminuevos\/wp-json\/wp\/v2\/media?parent=4240"}],"wp:term":[{"taxonomy":"marca","embeddable":true,"href":"https:\/\/autoservallarta.com\/seminuevos\/wp-json\/wp\/v2\/marca?post=4240"}],"curies":[{"name":"wp","href":"https:\/\/api.w.org\/{rel}","templated":true}]}}

Automática
